 = -5*q + 12. List the prime factors of q.
3
Let b be -1 - 4*(1 + 0). Let d = 10 + b. List the prime factors of d.
5
Let s = -6 + 9. List the prime factors of ((-2)/s)/((-2)/30).
2, 5
Let s = -16 - -35. What are the prime factors of s?
19
Let x(t) be the first derivative of 4*t**3/3 - 2*t**2 + 2*t + 1. What are the prime factors of x(3)?
2, 13
Suppose 3*f - 387 = -2*u, 2*u - 392 = -2*f - 0*f. What are the prime factors of u?
3, 67
Let s be 9*(2 + 5/(-3)). Suppose 0*u + s*u - 63 = 0. List the prime factors of u.
3, 7
Let s = 115 - -257. What are the prime factors of s?
2, 3, 31
Suppose -3*z + z = -304. Let d = 108 - z. Let l = d + 63. List the prime factors of l.
19
Let y(w) = 19*w**3 + 1. List the prime factors of y(1).
2, 5
Let p(u) be the third derivative of -u**6/120 + 7*u**5/60 + u**3 - 2*u**2. What are the prime factors of p(7)?
2, 3
What are the prime factors of (-5050)/(-35) - (-2)/(-7)?
2, 3
Let l = -45 + 72. Let d = l + -15. Suppose -4*a + 12 = -b - b, 4*b = 2*a - d. What are the prime factors of a?
2
Let l(y) = 7*y - 5. Let k(g) = 7*g - 4. Let b(i) = 6*k(i) - 5*l(i). Let n be b(-4). What are the prime factors of n/(-2) - (-4)/8?
2, 7
Let g = 127 + -75. List the prime factors of g.
2, 13
Let z = 2 + -13. Let a(v) = -v - 2. What are the prime factors of a(z)?
3
Let i(r) = r**3 + 5*r**2 + 1. Let n be i(-5). List the prime factors of n + 3/6*22.
2, 3
Let d be ((-6)/4)/(4/(-56)). Suppose 4*g + 11 = -z - d, 4*g + 48 = -2*z. What are the prime factors of 5 + -3 - z/2?
2, 5
Let k = 0 - -5. Let z(p) = 4*p - 7. List the prime factors of z(k).
13
Suppose 4*d + 17 + 7 = 0. Let o = d + 8. What are the prime factors of o?
2
Let r(z) = -10*z + 35. What are the prime factors of r(-4)?
3, 5
Let d = -23 + 36. List the prime factors of d.
13
Let g(p) = p**2 + 12*p - 11. Let k be g(-13). Let y(o) = 6*o**2 + 1. What are the prime factors of y(k)?
5
Let g(b) = 2*b. Let u be g(-1). Let s be 0/(-4)*2/u. Let c = s - -3. List the prime factors of c.
3
Suppose 20 = 4*p - 0*p. Suppose 4*k - 1 = -5*w, k - 4*k = -p*w - 27. Let a = 6 - k. What are the prime factors of a?
2
Let i = -78 - -43. Let l = i - -51. List the prime factors of l.
2
Let l(r) = r**3 + 12*r**2 + 11*r + 26. Let b be l(-11). Let n(c) = -c**3 + 6*c**2 + 4*c - 6. Let a be n(5). Let h = a - b. What are the prime factors of h?
13
Let z be (-6)/(-1) - (-2)/2. Let y = 23 + z. Suppose -y = -4*k + 14. What are the prime factors of k?
11
Let g(d) = 7*d + 6. Let v be g(-5). Let z = v - -21. Let h(p) = -p + 3. What are the prime factors of h(z)?
11
Suppose -q + 2037 = 5*l, 2*l - 116 = q + 696. List the prime factors of l.
11, 37
Suppose w = -w. Suppose 4*a + w*a = -12, -57 = -2*b + 5*a. What are the prime factors of b?
3, 7
List the prime factors of (-1228)/(-5) - (-12)/30.
2, 3, 41
Let b = 34 - -1. Let g = b + -20. List the prime factors of g.
3, 5
Let k(q) = q**2 + 14*q + 3. List the prime factors of k(-14).
3
Let v = 6 + -12. List the prime factors of (-114)/(-9) + (-2)/v.
13
Suppose 0*f = -5*f + 635. What are the prime factors of f?
127
Let h be 1/(2/4) - -1. Let l(k) = -2*k + 9. Let m be l(6). Let n = h - m. What are the prime factors of n?
2, 3
Suppose 4*a = 2*s - 74, 6*a + 27 = 4*a - s. Let c = -1 - a. What are the prime factors of c?
3, 5
What are the prime factors of 0 + -1 + (45 - 2)?
2, 3, 7
Let i(a) = -a**2 + 5*a - 3. Let b be i(3). Let j(z) = 2*z**2 + z - 2. Let d be j(b). Suppose 0 = -4*w + d - 7. List the prime factors of w.
3
Let w(k) = -k**3 - 5*k**2 + 4*k - 8. Let z be w(-6). List the prime factors of (-70)/(-6) - z/6.
11
Let s = -30 + 49. Suppose s + 12 = g. List the prime factors of g.
31
Let r(n) = 20*n**2 - 2*n - 5. What are the prime factors of r(-2)?
79
Let i(u) = u**3 - 3*u**2 + 4*u - 4. Let k(c) = c + 2. Let b be k(-2). Let o(l) = l + 3. Let v be o(b). List the prime factors of i(v).
2
Let a(z) = -z**2 + 11*z + 2. Let q be a(12). Let v be (q/6)/(1/(-3)). Suppose u + 60 = v*u. List the prime factors of u.
3, 5
Let h be (0 - 0)*11/22. Suppose h = -m + 2*p + 15, -60 = -4*m + p - 0*p. What are the prime factors of m?
3, 5
List the prime factors of 86/5 + 4/5.
2, 3
Let i(u) = -u**3 - 8*u**2 - 9*u + 8. List the prime factors of i(-7).
2, 11
Let o(q) be the first derivative of -q**2/2 + 2*q - 4. Let p(n) = n - 1. Let h be p(-5). List the prime factors of o(h).
2
Let a(g) = g**3 + 3*g**2 - g - 2. Let m be a(-3). Let w(k) = -k**2 + 6*k + 8. Let c be w(6). What are the prime factors of c + 7 - 3*m?
2, 3
Let w = 30 + 7. What are the prime factors of w?
37
Let r = 33 - 16. List the prime factors of r.
17
Let z be 1 - (12/2)/(-2). Let f(x) = -x + 9. What are the prime factors of f(z)?
5
Let b be 3/(-2) + 21/6. Suppose -4*t - 20 = b*q - 90, -3*q + 3 = 0. What are the prime factors of t?
17
Let u(m) = -2*m - 7. Let o be u(-6). Suppose r - 44 = o*q, -23 = -5*r - 3. Let y = q - -13. What are the prime factors of y?
5
Let j(c) = -6*c**2 - 11*c - 9. Let y(g) = -7*g**2 - 11*g - 9. Let w(h) = 6*j(h) - 5*y(h). What are the prime factors of w(-8)?
3, 5
Suppose 55 + 41 = 6*k. List the prime factors of k.
2
Let o(f) = f - 1. Let w be o(1). Suppose -3*m + 4*v = -2*m, 0 = 4*m - 2*v - 70. Suppose 5*g + n - 55 + m = w, -3*n + 39 = 4*g. List the prime factors of g.
2, 3
Suppose 0 = -3*b + 34 + 35. What are the prime factors of b?
23
Suppose -20 = -6*o - 2. What are the prime factors of o?
3
Let f be ((-5)/10)/((-2)/(-8)). Let b be -5 - -1*(1 + -2). What are the prime factors of 17 - f*9/b?
2, 7
Let s(i) = -i**3 - 9*i**2 + 5*i + 3. What are the prime factors of s(-10)?
53
Let c be 2*(-9)/6 - -12. Suppose 0 = u + 2, -h + u + 0*u + c = 0. What are the prime factors of h?
7
Suppose 7*m = 5*m + 156. List the prime factors of m.
2, 3, 13
Suppose 0 = -3*r - 3 - 3, 2*r = 5*m - 29. Suppose 0 = -5*p + 3*o + 53, 3*p + 0*o - 35 = m*o. What are the prime factors of p?
2, 5
What are the prime factors of -6*6/12*-29?
3, 29
Let n(p) = p**2 + 16*p + 7. List the prime factors of n(-20).
3, 29
Let m(u) = -7*u - 1. Let z(r) = -1. Let d = -2 + 6. Let j(f) = d*z(f) - m(f). List the prime factors of j(2).
11
Let m(z) = 2*z + 35. Let y be m(0). Suppose 2*r - 5*l = -4*l + 45, 3*l = 2*r - y. What are the prime factors of r?
5
Suppose -7*b = -6*b - 108. List the prime factors of b.
2, 3
Suppose h + h - 38 = 4*x, x = -h - 11. Let z be (1 + -4)*x/6. Suppose p + z*j = 10, -4*j + 2 - 3 = -p. What are the prime factors of p?
5
List the prime factors of (-4)/8*1*-30.
3, 5
Let k(h) = 8*h**2 + h + 2. Let a be k(3). Suppose -j + a = 25. What are the prime factors of j?
2, 13
Suppose 27 + 15 = 3*w. What are the prime factors of w?
2, 7
Let q = -7 - -8. What are the prime factors of 183/12 + q/(-4)?
3, 5
Suppose -10*s + 722 = -748. List the prime factors of s.
3, 7
Let v = 5 + -3. Let j(a) be the first derivative of a**3 + 2*a - 2. List the prime factors of j(v).
2, 7
Let n(x) = -x**2 - 8*x - 4. Let i = -21 + 14. What are the prime factors of n(i)?
3
Suppose 4*j - 127 = 5*z, 6*j + 3*z - 102 = 3*j. List the prime factors of j.
3, 11
Let x = 17 + -6. Let w(k) = k**2 - 10*k + 2. What are the prime factors of w(x)?
13
Let z(h) = -60*h + 4. What are the prime factors of z(-1)?
2
Let j(z) be the third derivative of z**5/60 - z**4/6 - 2*z**3/3 - 3*z**2. List the prime factors of j(6).
2
What are the prime factors of (33 + -2)/(3/3)?
31
Let g(i) = 27*i**2 - i - 1. Let m be g(-1). Let t = -1 - -4. Suppose -t*v + m = -0*v. List the prime factors of v.
3
Let g = 30 + -17. What are the prime factors of g?
13
Let o(i) = -2*i - 4. Let k be o(-3). Suppose 0*g - 30 = -k*g. What are the prime factors of g?
3, 5
What are the prime factors of (-305)/(-10)*(3 - -1)?
2, 61
Let k = 45 - 32. Let n = -8 + 0. Let s = k + n. What are the prime factors of s?
5
Let n = 6 - 2. Suppose -4*b - n = 2*t, -3*t - 2 + 10 = -b. Let f(s) = s**3 + 3*s**2 - s - 1. What are the prime factors of f(t)?
17
Suppose 3*i - 51 - 191 = -4*q, 5*i + q = 392. Suppose 2*b + 5*w - w - i = 0, 2*w - 133 = -3*b. List the prime factors of b.
47
Suppose -3*v - 9 = -24. Suppose v*r - 95 = -5*s, -3*s - 3*r + 42 = -5*r. What are the prime factors of s?
2
Let t(u) = 133*u**2 - 2*u - 1. List the prime factors of t(-1).
2, 67
Let f = 47 + -42. List the prime factors of f.
5
Let i = 214 + -136. List the pri